ded by 84.
74
Suppose 0 = -2*o + w + 828, 4*o = 8*o + 2*w - 1672. What is the remainder when o is divided by 15?
11
Let l(a) = a - 2. Let s be (3 - (-3)/(-3))*2. Suppose -28*q + 29*q = 2. Calculate the remainder when q is divided by l(s).
0
Let r = 1 - 3. Let a be 21/(-12)*6*r. Let s = -17 + a. What is the remainder when s is divided by 3?
1
Let x(b) = b**3 + 11*b**2 + 13*b. Let p be 2/(-3) - 3/(-18)*-50. Let s = 11 + 1. What is the remainder when x(p) is divided by s?
9
Let p(k) = 6*k + 17. Let q be p(-2). Suppose 19*w - q*w = 392. Calculate the remainder when w is divided by 10.
8
Let p(s) = -1 + 4*s - 7*s + s**2 + 0*s. Suppose 15*o + 30 = 20*o. What is the remainder when 65 is divided by p(o)?
14
Let y be (-129)/(-12) - 24/32. Let z = 11 + -6. Suppose -z = -q + y. Calculate the remainder when q is divided by 9.
6
Suppose 0 = -2*l + 103 + 31. What is the remainder when l is divided by 64?
3
Suppose -2*q - 3*a + 193 = 0, -40 = 2*q - 4*a - 212. Let g = 2 + q. Let o = -2280 - -2312. What is the remainder when g is divided by o?
30
Suppose -1 = -5*f + 9. Calculate the remainder when (3 - (1 + f + -10)) + 3 is divided by 8.
5
Suppose 5*q - 55 = 4*q - 2*a, a = 4*q - 229. What is the remainder when q is divided by 17?
6
Suppose 4*n - 48 = -0*n. Let z be (-35)/6 + 6 - 670/(-12). What is the remainder when z/2 + 2 + 4 is divided by n?
10
Let f = 416 - 332. Suppose 0*q = -4*q + 68. Calculate the remainder when f is divided by q.
16
Let t(d) = -d**2 - 6*d - 12. Let s be t(-8). Let m = 46 + s. Suppose 41 = 5*g - 9. Calculate the remainder when m is divided by g.
8
Suppose -7*r = -5759 - 1563. What is the remainder when r is divided by 150?
146
Let w = 42 - 0. Suppose 0 = 2*l - c - 2*c - w, 88 = 5*l + c. Calculate the remainder when 51 is divided by l.
15
Suppose 226*f - 2088 = -5*c + 222*f, 2*c = 3*f + 826. What is the remainder when c is divided by 85?
76
Suppose 80 = 4*g + 4*c, 0 = -12*g + 16*g + 3*c - 83. What is the remainder when 31 is divided by g?
8
Let g = 217 + 121. Suppose -2*n = -5*q - 164, -3*n - n + 5*q = -g. Suppose -4*f = t - 2*f - 31, 3*t + 4*f = n. What is the remainder when t is divided by 13?
12
Let x = 9 + 11. Let i(k) = 13*k - 32. What is the remainder when i(7) is divided by x?
19
Suppose -5*y + 3*q = -7, 5*q + 6 = 2*y - 12. Let s be (-3 - y)/2 - -1. Suppose s = -0*d - 3*d + 12. Calculate the remainder when 14 is divided by d.
2
Let w = 14 + 27. Calculate the remainder when w is divided by 6/21 - 225/(-21).
8
Let m be (1/2)/(2/4). Let j(h) = 32*h**2 + 2*h - 1. Let r = -228 + 240. Calculate the remainder when j(m) is divided by r.
9
Let i(q) = -77*q - 1. Let d be i(2). Let l = d - -180. Calculate the remainder when l is divided by 9.
7
Suppose 5*i + 5 = -x, -3*i = 2*i - 3*x - 15. Suppose -40 = -2*d - 3*c, -2*c + 5*c - 12 = i. What is the remainder when 151 is divided by d?
11
Let w be ((-3)/4)/((-2)/8). Let i be (0 - 12/(-14))/((-1)/(-14)). Suppose 5*r - 2*q = 46, 2*q - w*q = r - i. What is the remainder when r is divided by 4?
2
Let k(j) = j - 6. Let h be k(9). Let p = 6 - 8. Let t = h - p. What is the remainder when 6 is divided by t?
1
Let g = 120 - 31. Calculate the remainder when g is divided by 10.
9
Suppose 3*b - 2 - 5 = -h, 4*b - 6 = -2*h. Let y be -15*((-12)/b)/(-9). Let u(r) = -r**3 - 2*r**2 + 6*r + 2. Calculate the remainder when u(y) is divided by 16.
15
Let q(z) = z**3 + 9*z**2 + 4. Let f be q(-9). Suppose -2*i + 0 + 7 = -5*b, 4*b + f = 2*i. What is the remainder when 18 is divided by b - (2 - 22)/2?
4
Let n(z) = -9*z - 2. Let s be n(2). What is the remainder when (-5)/(s/36) + -1 is divided by 3?
2
Let h(f) = 2*f**2 - 17*f - 36. Suppose 2*t - 214 = -4*b, -3*b + 180 = -10*t + 5*t. Calculate the remainder when b is divided by h(11).
17
Let y = 53 + 21. Let n = y + -68. Calculate the remainder when 20 is divided by n.
2
Let i = 9 - -4. Suppose -1365*t + 455 = -1352*t. Calculate the remainder when t is divided by i.
9
Let w(p) = p**3 + 7*p**2 + 7*p - 2. Let k be w(-5). Suppose -t - 5*f = -f - k, 4*t - 4*f - 72 = 0. What is the remainder when t is divided by 7?
3
Calculate the remainder when 178 is divided by 1*(2/8 - (-2923)/148).
18
Let b = 17 + 18. Calculate the remainder when b is divided by ((-12)/(-8))/(((-5)/(-8))/5).
11
Calculate the remainder when 165 is divided by 0 + (-4)/(-5 - -1) - -55.
53
Let g(w) = 5*w**2 + w + 3. Let i be g(2). Suppose b - 6*b + i = 0. Suppose b*y - 16 = 3*y. What is the remainder when 14 is divided by y?
6
Let l(h) = h**2 - 3*h - 21. Let z(s) = -s**2 - 9*s + 3. Let y be z(-9). Let n = 2 + y. What is the remainder when l(7) is divided by n?
2
Suppose 0 = -86*x + 81*x + 95. What is the remainder when 129 is divided by x?
15
Let l(y) = y**3 + 5*y**2 - 1. Suppose -4*f = -2*m + 42, 74*m = 76*m - f - 39. What is the remainder when m is divided by l(-2)?
8
Let b(z) = -2*z + 12. Let d be b(6). Suppose 0 = -c - k + 6, -4*c + 4*k + 0*k = d. What is the remainder when 3 is divided by c?
0
Let m = -24 + 48. Suppose 0 = -0*y + 4*y - m. Suppose 2*n - p = -y*p + 132, n - 59 = p. Calculate the remainder when n is divided by 16.
13
Let i(l) = -8*l - 25. What is the remainder when i(-6) is divided by 22?
1
Let x = -720 + 783. Calculate the remainder when x is divided by 16.
15
Suppose -3*y - 2*y = -110. Let r = 40 - 40. Suppose r = 6*m - 3*m - 24. Calculate the remainder when y is divided by m.
6
Suppose 5*u = h - 15, -4*u - h - 8 = 4. Let t(c) = -c**3 + c + 78. Calculate the remainder when t(0) is divided by (15/4)/(u/(-16)).
18
Let c be (-33)/(-11)*(-11)/3. Calculate the remainder when 43 is divided by (c - 1)/((-3)/4 - 0).
11
Suppose l = -0*l + 33. Calculate the remainder when 87 is divided by l.
21
Suppose -q - 2 + 19 = 0. Suppose 2*n + 2*s = 10 - 2, n = s + 10. Calculate the remainder when q is divided by n.
3
Suppose -30*o + 12766 = 43*o + 575. Let n = 26 - 5. What is the remainder when o is divided by n?
20
Suppose -4*q = 7*o - 3*o - 132, -q + 48 = -2*o. Let w(c) = 2*c - 10. Let d be w(-7). Let r = q + d. Calculate the remainder when r is divided by 4.
2
Suppose -4*f - 3*h + 847 = 0, -f + 0*h + 233 = 5*h. What is the remainder when f is divided by 43?
36
Suppose -2*y - 623 = -9*y. Let l(g) = -2*g**2 - 23*g - 7. Calculate the remainder when y is divided by l(-10).
20
Let u(o) = o - 3*o + 4 + 9*o. Let x = -12 + 19. Calculate the remainder when u(1) is divided by x.
4
Let z(i) = i**3 + 9*i**2 - 26*i - 3. Calculate the remainder when z(-11) is divided by 17.
7
Let r = 338 - -29. Calculate the remainder when r is divided by 53.
49
Suppose 3*s - 4*u = 145, -3*u + 0 = -6. Calculate the remainder when s is divided by 16.
3
Let o be 994/(-49) + (-8)/(-28). Calculate the remainder when 16 is divided by 96/(-40)*o/6.
0
Let n(f) = 2*f + 21. Let i(a) = a**2 - 16*a + 20. Let t be i(14). What is the remainder when 23 is divided by n(t)?
3
Suppose -3*q - 9 = -6, 3*n = -2*q - 20. Let m(z) = z**3 + 5*z**2 - 5*z - 2. Let t be m(-6). Let p = n - t. Calculate the remainder when 6 is divided by p.
0
Let t(i) = -7*i + 10. Let f be t(-4). Suppose 0 = 13*a + f - 142. What is the remainder when a is divided by 2?
0
Suppose -5*q + 2*s + 17 = 0, 0 = q - 5*q - s + 11. Suppose -12 = -q*m + m. What is the remainder when ((-46)/(-4))/(m/12) is divided by 8?
7
Suppose -187 = -12*c + 137. What is the remainder when 458 is divided by c?
26
Let m(b) = 3*b + 16. Let l be m(-7). What is the remainder when 57 is divided by (l - 3)/(4/(-10))?
17
Suppose h = -848 + 878. What is the remainder when h is divided by 30?
0
Suppose -4*p + 4 = -3*k + 5, -4*p - 7 = -5*k. What is the remainder when (-3)/(k/4) - -75 is divided by 24?
23
Suppose -7*x + 64 = -13. What is the remainder when 29 is divided by x?
7
Let k = 140 - 118. What is the remainder when k is divided by 12?
10
Let b = -16 + 63. Let f = 40 + b. What is the remainder when f is divided by 30?
27
Calculate the remainder when (-762)/(-5) + (-78)/195 is divided by 39.
35
Let k = -76 + 80. What is the remainder when 23/k*192/(3 - -5) is divided by 47?
44
Suppose -30 = 3*a + 33. Let y(n) = -n**3 - 21*n**2 - n - 3. Calculate the remainder when y(a) is divided by 4.
2
Suppose -4*m + 3*s = -2*s + 17, 2*s + 1 = -m. Let k(r) = -r**3 - r**2 + r + 8. Calculate the remainder when k(m) is divided